What is b(t)?
-2
Suppose -x + 3*h - 8 + 3 = 0, 2*x + 1 = 3*h. Let t(i) be the second derivative of 1/3*i**3 - i + 0 - 3*i**2. Give t(x).
2
Let a = 10 - 12. Let m(f) = 0 - 3*f - 1 - 1. Calculate m(a).
4
Let k(w) = 2*w - 16. Let v(z) = -2*z**2 + 18*z - 5. Let x be v(8). Determine k(x).
6
Let y(k) be the third derivative of -k**6/120 + k**5/12 + k**4/24 - k**3 - 15*k**2. What is y(5)?
-1
Let i(m) = 11*m**2 - 3*m - 1. Let q(h) = -16*h**2 + 2 - h**2 - 5*h**2 + 5*h. Let z(f) = 7*i(f) + 4*q(f). Calculate z(1).
-11
Let n(f) = -f + 2. Suppose 3*k - 93 = 3*z, z + k + 3*k + 6 = 0. Let s = z - -40. Suppose -b + 13 = -3*b + 3*h, -4*h + s = -2*b. Determine n(b).
7
Suppose 2*q = -5*x + 31, 4*q - 23 = 3*q - 4*x. Suppose -5*s - 4*l - 8 = 0, 5*s + 5*l = q - 13. Let k(j) = -4*j - 4*j**2 + 4 - j**3 - 3 + s. Determine k(-3).
4
Let l(v) = 3*v**2 - v - 4. Let t(c) = 10*c**2 - 2*c - 11. Let u(p) = -p**2 + 4*p + 5. Let k be u(6). Let o(i) = k*l(i) + 2*t(i). Give o(5).
-4
Let t(z) = z**2 - 3*z - 6. Suppose -4*n + 14 = 5*j - 16, -j + 5*n = -6. Let q be j/(4/(24/9)). Suppose -3*y + 11 = q*v - 4, 4*y - 20 = 5*v. Determine t(y).
4
Suppose 0 = 4*m + m - 15. Suppose -2*l = m*l. Let g(y) = l*y**2 - 6*y + 0*y + y - 1 + y**2. Determine g(4).
-5
Let p(d) = -16*d**2 + 11*d - 26. Let j(b) = 3*b**2 - 2*b + 5. Let q(l) = -11*j(l) - 2*p(l). Let i(y) = y + 1. Let k(u) = 6*i(u) - q(u). Give k(-6).
9
Let t(a) = a**3 - 7*a**2 - 7*a - 6. Let n be t(8). Let l be n - (-2 + 0 + -1). Let x(v) = v**3 - 6*v**2 + 7*v - 6. Calculate x(l).
4
Let m be -12 - (-36)/(1 - -5). Let x(v) = v**3 + 8*v**2 + 10*v + 7. Give x(m).
19
Let i(v) = v + 2. Let f be i(3). Let h(y) = y**3 + 4*y**2 - 7*y - 3. Let k(g) = -5*g**3 - 15*g**2 + 29*g + 11. Let z(b) = -9*h(b) - 2*k(b). What is z(f)?
5
Let g(h) = 3*h - 2*h - 5 - 6 - 3. Give g(0).
-14
Let l(a) = -a**2 - 8*a - 3. Suppose 26 = -4*o - 2*q - 12, 0 = -4*q - 20. Calculate l(o).
4
Let y = 3 - 1. Suppose 2*i = -4*w + y, -2*i + 11 = -6*w + w. Let a(x) = 0*x + 4*x - 2*x + i. Give a(-3).
-3
Let l(j) = -j**3 - 9*j**2 - 8*j + 3. Let n be l(-8). Let c(h) = h**2 + h. Let d(t) = 2*t**2 + 7*t - 1. Let w(x) = -3*c(x) + d(x). What is w(n)?
2
Let p(l) = -7*l + 0 + 6 + 2*l**3 + l**3 - 2*l**3 - 5*l**2. Determine p(6).
0
Let r(j) = 2*j**3 + 3*j**2 - 1. Let p be ((-1)/(-1))/(10/(-20)). What is r(p)?
-5
Let w(n) be the third derivative of 13*n**4/12 + 65*n**2. What is w(1)?
26
Let l = -4 - -7. Suppose 0 = -4*r + l*r - 2. Let f(x) = 3*x + 1. Determine f(r).
-5
Suppose 18 = 8*t - 2*t. Let w(k) = k**3 - 4*k**2 + 2*k - 4. What is w(t)?
-7
Let g(l) = -l**3 + 17*l**2 + 40*l - 38. Let p be g(19). Let v(r) = r - 9. Determine v(p).
-9
Suppose -j + 3*x = 16 - 2, -5*x = -j - 24. Let h(u) = -16*u**3 - 2*u**2 + 2*u - 1. Determine h(j).
-17
Let v(h) = h**3 - 3*h**2 + h - 4. Let q = -7 - -12. Let o = q + -1. What is v(o)?
16
Let y be 2/(-4) - (-460)/8. Suppose -3*b - y = -6*b. Suppose -p = 5*q + 15, 4*q = q + 5*p + b. Let i(s) = -s - 1. Determine i(q).
1
Suppose 5*u = 3*y + 22, 0*y + 4 = -y + u. Let q(t) = 16*t**2 + t - 1. What is q(y)?
16
Let x(b) = 6*b - 2. Let m(l) = -20*l + 6. Let j(n) = -2*m(n) - 7*x(n). Suppose -v - 5*w = 5, 3*w + 8 = -w. Calculate j(v).
-8
Let q(s) = -6*s**2. Let h be (2/(-2))/(4 + -3). Determine q(h).
-6
Let s(h) = -1 + 0 - 3*h**2 - h + 4*h**2. Let q(a) = 3*a**2 - 3*a - 1. Let i = 3 + -2. Let x(u) = i*q(u) - 2*s(u). Determine x(0).
1
Suppose -l = 4*l. Let r = l - 3. Let x(f) = 2*f - 1. What is x(r)?
-7
Let p = -18 - -11. Let l(y) = 3*y**3 - 11*y**2 - 9*y + 9. Let h(w) = -2*w**3 + 5*w**2 + 4*w - 4. Let n(a) = -5*h(a) - 3*l(a). Calculate n(p).
-7
Let r be -4*((-2)/(-4) - 0). Let k(u) = -u**2 - 3*u + 2. Let p be k(r). Let f(q) = -3*q - 1 + 5 + 1 + q. What is f(p)?
-3
Let o(n) = n**3 + 6*n**2 - n. Suppose 2*q = -2*q - 8. Let h be (-2)/q*(3 + -9). Determine o(h).
6
Let s(g) = -g**3 + 4*g**2 - 4*g + 2. Suppose 4*u = -4*i - 12, 5*u + 35 = 3*i + 2*i. What is s(i)?
2
Let l(h) = -h**3 - 3*h**2 + 5*h + 3. Let g = 2 - 15. Let s = 9 + g. Determine l(s).
-1
Let i(q) be the first derivative of -q**5/20 - 5*q**4/12 - 2*q**3/3 + 3*q + 3. Let b(t) be the first derivative of i(t). Determine b(-4).
0
Let h(s) = s + 6. Let u be 3 + (-4 - (-3)/(-1)). What is h(u)?
2
Let f(h) be the first derivative of -3*h**4/2 + h**2/2 + 1. Let o = 23 + -22. Give f(o).
-5
Let i(s) be the first derivative of s**4/4 + 5*s**3/3 - 5*s**2/2 + 6*s - 12. Let t = -2 - -4. Suppose 3*q = 5*u - 8, t*q + 4*u + 22 = -u. Determine i(q).
0
Let k(p) = 6*p - 4*p - 6 - 3*p + 6*p. Let l(u) = u**3 - 3*u**2 - 3*u. Let c be l(4). Give k(c).
14
Let l be ((-8)/(-10))/(12/30). Let m(f) = -3*f - 3 + f + f + l*f. Determine m(3).
0
Let t = 8 + -13. Let r(w) = 4*w - 6 + 4 - 3 + w**2 - w. Give r(t).
5
Let l(z) = z**3 + 5*z**2 + 5*z + 3. Suppose 0 = 4*q + 3*q + 28. What is l(q)?
-1
Let a be (-16)/72 + (-40)/(-18). Let k(p) = -p**a + 3 + 0*p - p - 2*p + 4*p. Give k(0).
3
Let p = 28 + -34. Let g(y) = -y - 5. Determine g(p).
1
Let f(h) = h**2 + 5*h + 7. Let o(m) = m**2 - 8*m - 5. Let r be o(0). Calculate f(r).
7
Let l(v) = -v**2 - 19*v - 16. Let g be l(-18). Let t(f) = -2*f**2 + 2*f. Give t(g).
-4
Let w(s) = s**3 - 3*s**2 - 4*s + 4. Suppose 5*t - 2*t - 12 = 0. Let p be w(t). Let a(q) = -p*q + q**2 - 13 + 13. Calculate a(3).
-3
Let g be (-10)/60 + (-38)/(-12). Let k(r) = 0*r**2 - r**3 - r**2 - 4*r**g. Determine k(1).
-6
Suppose -15 = 3*f - 8*f. Let u(s) = 2*s - s - s**2 + f - 5*s. Let g = -3 + -1. Give u(g).
3
Let o(b) = -3*b**3 - 14*b**2 + 17*b - 3. Let d(l) = -2*l**3 - 7*l**2 + 9*l - 1. Let n(t) = -5*d(t) + 3*o(t). Let i = 72 + -66. Give n(i).
-4
Let v(u) = u**2 - 7*u + 9. Let g = -204 - -136. Let x = 161 + g. Let t be x/15 - 3/15. What is v(t)?
3
Let u(p) = -p**3 - 5*p**2 - 5*p - 3. Suppose 4*l = 319 - 79. Suppose 0 = -0*b + 4*b + l. Let w = b + 11. Determine u(w).
1
Suppose 0 = -3*g - 5*w - 20, -2*w = -0*g - g + 8. Suppose -3*j + g*j = -18. Let n(r) = r**3 - 7*r**2 + 8*r - 4. Calculate n(j).
8
Suppose -25 = -2*y - 3*y. Let p = y + -3. Let i(a) = -2*a + a**2 + a**2 - a**2 + a + p. What is i(2)?
4
Let h(t) be the second derivative of t**3/6 + 3*t**2/2 - 8*t. Let c be h(-8). Let z(l) = -l**2 - 6*l + 1. Calculate z(c).
6
Let k(j) = -j**3 + 11*j**2 - 9*j - 5. Let q be (-4 - (-45)/10)*20. What is k(q)?
5
Let k(o) be the first derivative of o**3/3 + 3*o**2 + 4*o + 1. Suppose -2 = j + 2*c, 14*j = 19*j - 2*c + 34. What is k(j)?
4
Let x(t) = -t**2 + 4*t + 2. Let d be x(4). Suppose -6 + d = 4*h. Let s(o) be the second derivative of -o**4/4 + o**3/3 + o**2/2 + o. Give s(h).
-4
Let y(a) = 3*a**3 - a**2 + 2*a + 7. Let q(b) = 13*b**3 - 3*b**2 + 9*b + 29. Let i(c) = 2*q(c) - 9*y(c). Determine i(4).
-21
Let k(q) = -2*q + 2*q**3 - 3*q**3 + 6*q**3 + q**2 - q**3. Let h(j) = j**3 + j**2. Let u(l) = 5*h(l) - k(l). What is u(-3)?
3
Suppose -3*m + 9 = -0*m. Let u be 16/7 - 10/35. Let o(i) = -i + 3 + u - 7 + 2*i. Determine o(m).
1
Let p(l) = -3*l - 4. Let i(m) = -8*m + 4*m**2 - 2*m**2 - m**2 + 12 - 3. Let b be i(6). Give p(b).
5
Let z(t) be the third derivative of t**4/24 + 11*t**3/6 - 8*t**2. Give z(-7).
4
Let w(z) = -2*z + 2. Suppose -6*a + a + 4*x + 27 = 0, -3 = x. Determine w(a).
-4
Let d(u) be the third derivative of u**5/60 + 5*u**4/24 - 5*u**3/6 - 2*u**2. Determine d(-5).
-5
Let l = -11 + 5. Let o(x) be the second derivative of x**3/3 + 5*x**2/2 - 13*x. Calculate o(l).
-7
Let o be 2/6 + (-52)/(-6). Suppose 5*b = 4*x - o, -b + 2 = -2*x - 5*b. Let m(p) = 0 + 7*p**3 - 2*p + 4*p - 4*p + 1. Determine m(x).
6
Let w(x) be the second derivative of x**5/20 + 5*x**4/12 + x**3/3 + 2*x**2 - x. Let g(a) = a**2 + 8*a + 7. Let r be g(-6). Determine w(r).
-6
Let f(s) = s**3 - 4*s**2 - s. Let w be 330/77 - (-2)/(-7). What is f(w)?
-4
Let u(a) = a**2 - 9*a + 3. Let v = -96 - -104. Calculate u(v).
-5
Let k(z) = 7*z - 6. Let g(o) = 15*o - 13. Let w(h) = -6*g(h) + 13*k(h). Give w(4).
4
Let t(b) = -2*b - 4. Let d be t(-4). Suppose d*u + 0 - 4 = 0. Let v(r) = 7*r - u + 0 + r. Determine v(1).
7
Let m = 7 + -7. Let c(q) = q**3 + q - 5. Give c(m).
-5
Let l(s) = -23*s - 17. Let r(t) = 8*t + 6. Let q(w) = 4*l(w) + 11*r(w). Calculate q(-2).
6
Let l(g) = -2*g**2 + 3*g**2 - 18*g - 2*g**2 + 16*g. Calculate l(-4).
-8
Let p = 8 + -3. Suppose -k = p, 6*n = 2*n + k + 13. Suppose 2*z + n*z 